{"id":58,"date":"2023-01-28T14:00:19","date_gmt":"2023-01-28T13:00:19","guid":{"rendered":"https:\/\/atisistemas.com\/web\/?page_id=58"},"modified":"2024-04-09T00:24:07","modified_gmt":"2024-04-08T22:24:07","slug":"laboratorio-de-calibracion","status":"publish","type":"page","link":"https:\/\/atisistemas.com\/web\/es\/servicios\/laboratorio-de-calibracion\/","title":{"rendered":"Laboratorio de calibraci\u00f3n"},"content":{"rendered":"\n<div class=\"inherit-container-width wp-block-group alignwide is-layout-constrained wp-block-group-is-layout-constrained\" id=\"introduccion\">\n<p class=\"has-ast-global-color-2-color has-text-color\">En la actualidad es esencial para casi cualquier empresa y proceso productivo el poder asegurarse de la precisi\u00f3n y confiabilidad de las mediciones, y por ello la implantaci\u00f3n de normas de calidad como la serie ISO 9000 suele exigir que los equipos de medida en que nos basemos est\u00e9n debidamente certificados. Si adem\u00e1s de normas de calidad nuestro proceso est\u00e1 sujeto a restricciones de seguridad, salud y\/o medioambientales, esta certificaci\u00f3n de los equipos patr\u00f3n se convierte en cr\u00edtica para el negocio.<\/p>\n\n\n\n<p class=\"has-ast-global-color-2-color has-text-color\">Ofrecemos servicios de calibraci\u00f3n con alta precisi\u00f3n y trazabilidad a patrones reconocidos, permitiendo a nuestros clientes obtener resultados confiables y cumplir con los requisitos de calidad de sistemas como ISO 9000, as\u00ed como aquellos exigidos por la legislaci\u00f3n para sectores como la industria alimentaria, sector sanitario o naval, entre otros. Nuestra apuesta es brindar a nuestros clientes un servicio integral que puede incluir desde la recogida y entrega de los equipos hasta el seguimiento y notificaci\u00f3n de la caducidad de las calibraciones, lo que les permite centrarse en sus actividades diarias sin tener que preocuparse por la calibraci\u00f3n de sus equipos.<\/p>\n\n\n\n<p class=\"has-ast-global-color-2-color has-text-color\">Tambi\u00e9n ofrecemos servicios de suministro, mantenimiento y reparaci\u00f3n de los instrumentos de medici\u00f3n y control as\u00ed como asesoramiento metrol\u00f3gico, lo que significa que puede confiar en nosotros de manera transversal para garantizar una operatividad \u00f3ptima de las mediciones de sus instrumentos en todo momento.<\/p>\n<\/div>\n\n\n\n<div class=\"wp-block-cover alignfull has-parallax box is-style-editorskit-shadow\" style=\"margin-top:0;margin-bottom:0;padding-top:0;padding-right:0;padding-bottom:0;padding-left:0;min-height:150px;aspect-ratio:unset;\" id=\"servicios\"><span aria-hidden=\"true\" class=\"wp-block-cover__background has-ast-global-color-5-background-color has-background-dim-70 has-background-dim\"><\/span><div role=\"img\" class=\"wp-block-cover__image-background wp-image-874 has-parallax\" style=\"background-position:50% 50%;background-image:url(https:\/\/atisistemas.com\/web\/wp-content\/uploads\/2023\/02\/laboratorio-de-calibracion.jpg)\"><\/div><div class=\"wp-block-cover__inner-container is-layout-flow wp-block-cover-is-layout-flow\">\n<div class=\"wp-block-columns is-style-gapless is-layout-flex wp-container-core-columns-is-layout-54c329c4 wp-block-columns-is-layout-flex\" style=\"margin-top:0;margin-bottom:0;padding-top:0;padding-right:0;padding-bottom:0;padding-left:0\">\n<div class=\"wp-block-column is-layout-constrained wp-block-column-is-layout-constrained\" style=\"flex-basis:40%\"><\/div>\n\n\n\n<div class=\"wp-block-column is-vertically-aligned-center has-ast-global-color-2-color has-text-color has-background is-layout-flow wp-block-column-is-layout-flow\" style=\"background-color:#ffffffcc;padding-top:2em;padding-right:2em;padding-bottom:2em;padding-left:2em;flex-basis:60%\">\n<h2 class=\"wp-block-heading\">Servicios<\/h2>\n\n\n\n<ul class=\"is-style-arrow has-list-bullet-color wp-block-list\" style=\"--ek-bullet-color:var(--ast-global-color-0)\">\n<li>Consultor\u00eda<\/li>\n\n\n\n<li>Verificaci\u00f3n y ajuste de instrumentos<\/li>\n\n\n\n<li>Validaci\u00f3n de certificados de calibraci\u00f3n<\/li>\n\n\n\n<li>Reparaci\u00f3n de equipos<\/li>\n\n\n\n<li>Tarado de v\u00e1lvulas de seguridad<\/li>\n\n\n\n<li>Suministro de equipos patr\u00f3n<\/li>\n<\/ul>\n<\/div>\n<\/div>\n<\/div><\/div>\n\n\n\n<p><\/p>\n\n\n\n<div class=\"wp-block-cover alignfull has-parallax box is-style-editorskit-shadow\" style=\"margin-top:0;margin-bottom:0;padding-top:0;padding-right:0;padding-bottom:0;padding-left:0;min-height:150px;aspect-ratio:unset;\" id=\"magnitudes\"><span aria-hidden=\"true\" class=\"wp-block-cover__background has-ast-global-color-5-background-color has-background-dim-70 has-background-dim\"><\/span><div role=\"img\" class=\"wp-block-cover__image-background wp-image-3596 has-parallax\" style=\"background-position:50% 50%;background-image:url(https:\/\/atisistemas.com\/web\/wp-content\/uploads\/2023\/03\/laboratorio.jpg)\"><\/div><div class=\"wp-block-cover__inner-container is-layout-flow wp-block-cover-is-layout-flow\">\n<div class=\"inherit-container-width wp-block-group has-ast-global-color-2-color has-text-color has-background is-layout-constrained wp-container-core-group-is-layout-a976e068 wp-block-group-is-layout-constrained\" style=\"background-color:#ffffffcc;margin-top:0;margin-bottom:0;padding-top:2em;padding-right:2em;padding-bottom:2em;padding-left:2em\">\n<p style=\"margin-bottom:2em\">Disponemos de equipos para generaci\u00f3n y\/o medida de las siguientes magnitudes:<\/p>\n\n\n\n<div class=\"wp-block-columns is-style-gapless is-layout-flex wp-container-core-columns-is-layout-54c329c4 wp-block-columns-is-layout-flex\" style=\"margin-top:0;margin-bottom:0;padding-top:0;padding-right:0;padding-bottom:0;padding-left:0\">\n<div class=\"wp-block-column is-layout-constrained wp-block-column-is-layout-constrained\" style=\"flex-basis:50%\">\n<h2 class=\"has-text-align-left wp-block-heading\">Magnitudes el\u00e9ctricas<\/h2>\n\n\n\n<ul class=\"is-style-arrow has-ast-global-color-2-color has-text-color has-list-bullet-color wp-block-list\" style=\"--ek-bullet-color:var(--ast-global-color-0)\">\n<li>Tensi\u00f3n C.C.: 10 \u00b5V a 1.000 V<\/li>\n\n\n\n<li>Tensi\u00f3n C.A.: 50 mV a 700 V (50 Hz a 1 kHz)<\/li>\n\n\n\n<li>Intesidad C.C.: 10 \u00b5A a 1.800 A<\/li>\n\n\n\n<li>Intensidad C.A.: 50 mA a 1.800 A (50 Hz a 1 kHz)<\/li>\n\n\n\n<li>Resistencia: 10 m\u03a9 a 100 G\u03a9<\/li>\n\n\n\n<li>Resistencia al aislamiento el\u00e9ctrico: 1 \u03a9 a 100 G\u03a9, en tensi\u00f3n de 50 V a 10 kV<\/li>\n\n\n\n<li>Frecuencia: 0,01 Hz a 10 MHz<\/li>\n<\/ul>\n\n\n\n<h2 class=\"wp-block-heading\">Magnitudes f\u00edsicas<\/h2>\n\n\n\n<ul class=\"is-style-arrow has-list-bullet-color wp-block-list\" style=\"--ek-bullet-color:var(--ast-global-color-0)\">\n<li>Fuerza (tracci\u00f3n): hasta 5.000 Kgf<\/li>\n\n\n\n<li>Par de  torsi\u00f3n: 0,02 a 5.000 Nm<\/li>\n\n\n\n<li>Masa: 1 mg a 1.800 kg<\/li>\n\n\n\n<li>Presi\u00f3n relativa: -0,95 a 4.000 bar<\/li>\n\n\n\n<li>Tiempo: 0 a 86.400 s<\/li>\n\n\n\n<li>Longitud: 0,1mm a 100m<\/li>\n\n\n\n<li>\u00c1ngulo: 0 a 360\u00ba<\/li>\n\n\n\n<li>Velocidad angular: 0,62 a 10.471,97 rad\/s<\/li>\n\n\n\n<li>Rotaci\u00f3n: 6 a 100.000 rpm<\/li>\n<\/ul>\n\n\n\n<h2 class=\"wp-block-heading\">Medidas ambientales<\/h2>\n\n\n\n<ul class=\"is-style-arrow has-list-bullet-color wp-block-list\" style=\"--ek-bullet-color:var(--ast-global-color-0)\">\n<li>Humedad relativa en aire: 5 a 95%Hr<\/li>\n\n\n\n<li>Presi\u00f3n ac\u00fastica (generaci\u00f3n): 94 y 114dB a 1 kHz<\/li>\n\n\n\n<li>Velocidad del aire: 0,2 a 20 m\/s<\/li>\n\n\n\n<li>Iluminancia: 0 a 3.000 lux<\/li>\n<\/ul>\n<\/div>\n\n\n\n<div class=\"wp-block-column is-vertically-aligned-center is-layout-flow wp-block-column-is-layout-flow\" style=\"flex-basis:50%\">\n<h2 class=\"wp-block-heading\">Temperatura<\/h2>\n\n\n\n<ul class=\"is-style-arrow has-list-bullet-color wp-block-list\" style=\"--ek-bullet-color:var(--ast-global-color-0)\">\n<li>Generaci\u00f3n: -30 \u00baC a 1.100 \u00baC<\/li>\n\n\n\n<li>Medici\u00f3n: -95 \u00baC a 1.100 \u00baC<\/li>\n\n\n\n<li>Medici\u00f3n y simulaci\u00f3n Pt100: -200 \u00baC a 850 \u00baC<\/li>\n\n\n\n<li>Medici\u00f3n y simulaci\u00f3n tipo K: -270 \u00baC a 1.372 \u00baC<\/li>\n\n\n\n<li>Medici\u00f3n y simulaci\u00f3n Tipo J: -210 \u00baC a 1.200 \u00baC<\/li>\n\n\n\n<li>Medici\u00f3n y simulaci\u00f3n Tipo E: -270\u00baC a 1.000 \u00baC<\/li>\n<\/ul>\n\n\n\n<h2 class=\"wp-block-heading\">Concentraci\u00f3n de gases*<\/h2>\n\n\n\n<ul class=\"is-style-arrow has-list-bullet-color wp-block-list\" style=\"--ek-bullet-color:var(--ast-global-color-0)\">\n<li>Mon\u00f3xido de Carbono (CO): 50 y 500ppm<\/li>\n\n\n\n<li>Di\u00f3xido de Carbono (CO<sub>2<\/sub>): 0,1%, 15% y 500ppm<\/li>\n\n\n\n<li>Ox\u00edgeno (O<sub>2<\/sub>): 0,3%, 12% y 20,9%<\/li>\n\n\n\n<li>Propano (C<sub>3<\/sub>H<sub>8<\/sub>): 1%<\/li>\n\n\n\n<li>Isobutano (C<sub>4<\/sub>H<sub>10<\/sub>): 0,75%<\/li>\n\n\n\n<li>Metano (CH<sub>4<\/sub>): 1%, 2,2%, 2,5%, 50% y 80%<\/li>\n\n\n\n<li>\u00c1cido sulfh\u00eddrico (H<sub>2<\/sub>S): 25 ppm<\/li>\n\n\n\n<li>Nitr\u00f3geno (N<sub>2<\/sub>): 15%, 20%, 50%, 78%, 85% y 100%<\/li>\n\n\n\n<li>Amon\u00edaco (NH<sub>3<\/sub>): 40 ppm<\/li>\n<\/ul>\n\n\n\n<h2 class=\"wp-block-heading\">L\u00edquidos<\/h2>\n\n\n\n<ul class=\"is-style-arrow has-list-bullet-color wp-block-list\" style=\"--ek-bullet-color:var(--ast-global-color-0)\">\n<li>Caudal (medici\u00f3n por ultrasonidos): 2 a 700 m<sup>3<\/sup>\/h<\/li>\n\n\n\n<li>Caudal (generaci\u00f3n en banco): 0 a 80 m<sup>3<\/sup>\/h<\/li>\n\n\n\n<li>Turbidez*: 0 a 800 NTU<\/li>\n\n\n\n<li>Conductividad*: 84, 147, 500 y 1.413 \u00b5S\/cm y 12,88 mS\/cm<\/li>\n\n\n\n<li>pH*: 4, 6, 7, 8, 9 y 10<\/li>\n\n\n\n<li>Cloro libre*: 0 a 1 mg\/l<\/li>\n<\/ul>\n<\/div>\n<\/div>\n\n\n\n<p class=\"has-text-align-right has-small-font-size\" style=\"margin-top:2em;margin-right:0;margin-bottom:0;margin-left:0;font-style:italic;font-weight:400\">*condicionado por disponibilidad y concentraciones est\u00e1ndar<\/p>\n<\/div>\n<\/div><\/div>\n","protected":false},"excerpt":{"rendered":"<p>En la actualidad es esencial para casi cualquier empresa y proceso productivo el poder asegurarse de la precisi\u00f3n y confiabilidad de las mediciones, y por ello la implantaci\u00f3n de normas de calidad como la serie ISO 9000 suele exigir que los equipos de medida en que nos basemos est\u00e9n debidamente certificados. Si adem\u00e1s de normas [&hellip;]<\/p>\n","protected":false},"author":1,"featured_media":0,"parent":11,"menu_order":0,"comment_status":"closed","ping_status":"closed","template":"","meta":{"_editorskit_title_hidden":false,"_editorskit_reading_time":3,"_editorskit_is_block_options_detached":false,"_editorskit_block_options_position":"{}","site-sidebar-layout":"default","site-content-layout":"","ast-site-content-layout":"default","site-content-style":"default","site-sidebar-style":"default","ast-global-header-display":"","ast-banner-title-visibility":"","ast-main-header-display":"","ast-hfb-above-header-display":"","ast-hfb-below-header-display":"","ast-hfb-mobile-header-display":"","site-post-title":"","ast-breadcrumbs-content":"","ast-featured-img":"","footer-sml-layout":"","ast-disable-related-posts":"","theme-transparent-header-meta":"","adv-header-id-meta":"","stick-header-meta":"","header-above-stick-meta":"","header-main-stick-meta":"","header-below-stick-meta":"","astra-migrate-meta-layouts":"set","ast-page-background-enabled":"default","ast-page-background-meta":{"desktop":{"background-color":"var(--ast-global-color-4)","background-image":"","background-repeat":"repeat","background-position":"center center","background-size":"auto","background-attachment":"scroll","background-type":"","background-media":"","overlay-type":"","overlay-color":"","overlay-opacity":"","overlay-gradient":""},"tablet":{"background-color":"","background-image":"","background-repeat":"repeat","background-position":"center center","background-size":"auto","background-attachment":"scroll","background-type":"","background-media":"","overlay-type":"","overlay-color":"","overlay-opacity":"","overlay-gradient":""},"mobile":{"background-color":"","background-image":"","background-repeat":"repeat","background-position":"center center","background-size":"auto","background-attachment":"scroll","background-type":"","background-media":"","overlay-type":"","overlay-color":"","overlay-opacity":"","overlay-gradient":""}},"ast-content-background-meta":{"desktop":{"background-color":"var(--ast-global-color-5)","background-image":"","background-repeat":"repeat","background-position":"center center","background-size":"auto","background-attachment":"scroll","background-type":"","background-media":"","overlay-type":"","overlay-color":"","overlay-opacity":"","overlay-gradient":""},"tablet":{"background-color":"var(--ast-global-color-5)","background-image":"","background-repeat":"repeat","background-position":"center center","background-size":"auto","background-attachment":"scroll","background-type":"","background-media":"","overlay-type":"","overlay-color":"","overlay-opacity":"","overlay-gradient":""},"mobile":{"background-color":"var(--ast-global-color-5)","background-image":"","background-repeat":"repeat","background-position":"center center","background-size":"auto","background-attachment":"scroll","background-type":"","background-media":"","overlay-type":"","overlay-color":"","overlay-opacity":"","overlay-gradient":""}},"footnotes":""},"class_list":["post-58","page","type-page","status-publish","hentry"],"yoast_head":"<!-- This site is optimized with the Yoast SEO plugin v27.4 - https:\/\/yoast.com\/product\/yoast-seo-wordpress\/ -->\n<title>Laboratorio de calibraci\u00f3n | ATI Sistemas<\/title>\n<meta name=\"description\" content=\"Calibraci\u00f3n. Instrumentaci\u00f3n industrial. Metrolog\u00eda. Mantenimiento de instrumentos. Suministro. Consultor\u00eda.\" \/>\n<meta name=\"robots\" content=\"index, follow, max-snippet:-1, max-image-preview:large, max-video-preview:-1\" \/>\n<link rel=\"canonical\" href=\"https:\/\/atisistemas.com\/web\/es\/servicios\/laboratorio-de-calibracion\/\" \/>\n<meta property=\"og:locale\" content=\"es_ES\" \/>\n<meta property=\"og:type\" content=\"article\" \/>\n<meta property=\"og:title\" content=\"Laboratorio de calibraci\u00f3n | ATI Sistemas\" \/>\n<meta property=\"og:description\" content=\"Calibraci\u00f3n. Instrumentaci\u00f3n industrial. Metrolog\u00eda. Mantenimiento de instrumentos. Suministro. Consultor\u00eda.\" \/>\n<meta property=\"og:url\" content=\"https:\/\/atisistemas.com\/web\/es\/servicios\/laboratorio-de-calibracion\/\" \/>\n<meta property=\"og:site_name\" content=\"ATI Sistemas\" \/>\n<meta property=\"article:modified_time\" content=\"2024-04-08T22:24:07+00:00\" \/>\n<meta property=\"og:image\" content=\"https:\/\/atisistemas.com\/web\/wp-content\/uploads\/2023\/01\/logo-transparente.png\" \/>\n\t<meta property=\"og:image:width\" content=\"180\" \/>\n\t<meta property=\"og:image:height\" content=\"75\" \/>\n\t<meta property=\"og:image:type\" content=\"image\/png\" \/>\n<meta name=\"twitter:card\" content=\"summary_large_image\" \/>\n<meta name=\"twitter:label1\" content=\"Tiempo de lectura\" \/>\n\t<meta name=\"twitter:data1\" content=\"3 minutos\" \/>\n<script type=\"application\/ld+json\" class=\"yoast-schema-graph\">{\"@context\":\"https:\\\/\\\/schema.org\",\"@graph\":[{\"@type\":\"WebPage\",\"@id\":\"https:\\\/\\\/atisistemas.com\\\/web\\\/es\\\/servicios\\\/laboratorio-de-calibracion\\\/\",\"url\":\"https:\\\/\\\/atisistemas.com\\\/web\\\/es\\\/servicios\\\/laboratorio-de-calibracion\\\/\",\"name\":\"Laboratorio de calibraci\u00f3n | ATI Sistemas\",\"isPartOf\":{\"@id\":\"https:\\\/\\\/atisistemas.com\\\/web\\\/#website\"},\"datePublished\":\"2023-01-28T13:00:19+00:00\",\"dateModified\":\"2024-04-08T22:24:07+00:00\",\"description\":\"Calibraci\u00f3n. Instrumentaci\u00f3n industrial. Metrolog\u00eda. Mantenimiento de instrumentos. Suministro. Consultor\u00eda.\",\"breadcrumb\":{\"@id\":\"https:\\\/\\\/atisistemas.com\\\/web\\\/es\\\/servicios\\\/laboratorio-de-calibracion\\\/#breadcrumb\"},\"inLanguage\":\"es\",\"potentialAction\":[{\"@type\":\"ReadAction\",\"target\":[\"https:\\\/\\\/atisistemas.com\\\/web\\\/es\\\/servicios\\\/laboratorio-de-calibracion\\\/\"]}]},{\"@type\":\"BreadcrumbList\",\"@id\":\"https:\\\/\\\/atisistemas.com\\\/web\\\/es\\\/servicios\\\/laboratorio-de-calibracion\\\/#breadcrumb\",\"itemListElement\":[{\"@type\":\"ListItem\",\"position\":1,\"name\":\"Inicio\",\"item\":\"https:\\\/\\\/atisistemas.com\\\/web\\\/es\\\/inicio\\\/\"},{\"@type\":\"ListItem\",\"position\":2,\"name\":\"Servicios\",\"item\":\"https:\\\/\\\/atisistemas.com\\\/web\\\/es\\\/servicios\\\/\"},{\"@type\":\"ListItem\",\"position\":3,\"name\":\"Laboratorio de calibraci\u00f3n\"}]},{\"@type\":\"WebSite\",\"@id\":\"https:\\\/\\\/atisistemas.com\\\/web\\\/#website\",\"url\":\"https:\\\/\\\/atisistemas.com\\\/web\\\/\",\"name\":\"ATI Sistemas\",\"description\":\"ATI Sistemas\",\"publisher\":{\"@id\":\"https:\\\/\\\/atisistemas.com\\\/web\\\/#organization\"},\"alternateName\":\"ATI\",\"potentialAction\":[{\"@type\":\"SearchAction\",\"target\":{\"@type\":\"EntryPoint\",\"urlTemplate\":\"https:\\\/\\\/atisistemas.com\\\/web\\\/?s={search_term_string}\"},\"query-input\":{\"@type\":\"PropertyValueSpecification\",\"valueRequired\":true,\"valueName\":\"search_term_string\"}}],\"inLanguage\":\"es\"},{\"@type\":\"Organization\",\"@id\":\"https:\\\/\\\/atisistemas.com\\\/web\\\/#organization\",\"name\":\"ATI Sistemas\",\"alternateName\":\"ATI\",\"url\":\"https:\\\/\\\/atisistemas.com\\\/web\\\/\",\"logo\":{\"@type\":\"ImageObject\",\"inLanguage\":\"es\",\"@id\":\"https:\\\/\\\/atisistemas.com\\\/web\\\/#\\\/schema\\\/logo\\\/image\\\/\",\"url\":\"https:\\\/\\\/atisistemas.com\\\/web\\\/wp-content\\\/uploads\\\/2023\\\/01\\\/logo-transparente.png\",\"contentUrl\":\"https:\\\/\\\/atisistemas.com\\\/web\\\/wp-content\\\/uploads\\\/2023\\\/01\\\/logo-transparente.png\",\"width\":180,\"height\":75,\"caption\":\"ATI Sistemas\"},\"image\":{\"@id\":\"https:\\\/\\\/atisistemas.com\\\/web\\\/#\\\/schema\\\/logo\\\/image\\\/\"}}]}<\/script>\n<!-- \/ Yoast SEO plugin. -->","yoast_head_json":{"title":"Laboratorio de calibraci\u00f3n | ATI Sistemas","description":"Calibraci\u00f3n. Instrumentaci\u00f3n industrial. Metrolog\u00eda. Mantenimiento de instrumentos. Suministro. Consultor\u00eda.","robots":{"index":"index","follow":"follow","max-snippet":"max-snippet:-1","max-image-preview":"max-image-preview:large","max-video-preview":"max-video-preview:-1"},"canonical":"https:\/\/atisistemas.com\/web\/es\/servicios\/laboratorio-de-calibracion\/","og_locale":"es_ES","og_type":"article","og_title":"Laboratorio de calibraci\u00f3n | ATI Sistemas","og_description":"Calibraci\u00f3n. Instrumentaci\u00f3n industrial. Metrolog\u00eda. Mantenimiento de instrumentos. Suministro. Consultor\u00eda.","og_url":"https:\/\/atisistemas.com\/web\/es\/servicios\/laboratorio-de-calibracion\/","og_site_name":"ATI Sistemas","article_modified_time":"2024-04-08T22:24:07+00:00","og_image":[{"width":180,"height":75,"url":"https:\/\/atisistemas.com\/web\/wp-content\/uploads\/2023\/01\/logo-transparente.png","type":"image\/png"}],"twitter_card":"summary_large_image","twitter_misc":{"Tiempo de lectura":"3 minutos"},"schema":{"@context":"https:\/\/schema.org","@graph":[{"@type":"WebPage","@id":"https:\/\/atisistemas.com\/web\/es\/servicios\/laboratorio-de-calibracion\/","url":"https:\/\/atisistemas.com\/web\/es\/servicios\/laboratorio-de-calibracion\/","name":"Laboratorio de calibraci\u00f3n | ATI Sistemas","isPartOf":{"@id":"https:\/\/atisistemas.com\/web\/#website"},"datePublished":"2023-01-28T13:00:19+00:00","dateModified":"2024-04-08T22:24:07+00:00","description":"Calibraci\u00f3n. Instrumentaci\u00f3n industrial. Metrolog\u00eda. Mantenimiento de instrumentos. Suministro. Consultor\u00eda.","breadcrumb":{"@id":"https:\/\/atisistemas.com\/web\/es\/servicios\/laboratorio-de-calibracion\/#breadcrumb"},"inLanguage":"es","potentialAction":[{"@type":"ReadAction","target":["https:\/\/atisistemas.com\/web\/es\/servicios\/laboratorio-de-calibracion\/"]}]},{"@type":"BreadcrumbList","@id":"https:\/\/atisistemas.com\/web\/es\/servicios\/laboratorio-de-calibracion\/#breadcrumb","itemListElement":[{"@type":"ListItem","position":1,"name":"Inicio","item":"https:\/\/atisistemas.com\/web\/es\/inicio\/"},{"@type":"ListItem","position":2,"name":"Servicios","item":"https:\/\/atisistemas.com\/web\/es\/servicios\/"},{"@type":"ListItem","position":3,"name":"Laboratorio de calibraci\u00f3n"}]},{"@type":"WebSite","@id":"https:\/\/atisistemas.com\/web\/#website","url":"https:\/\/atisistemas.com\/web\/","name":"ATI Sistemas","description":"ATI Sistemas","publisher":{"@id":"https:\/\/atisistemas.com\/web\/#organization"},"alternateName":"ATI","potentialAction":[{"@type":"SearchAction","target":{"@type":"EntryPoint","urlTemplate":"https:\/\/atisistemas.com\/web\/?s={search_term_string}"},"query-input":{"@type":"PropertyValueSpecification","valueRequired":true,"valueName":"search_term_string"}}],"inLanguage":"es"},{"@type":"Organization","@id":"https:\/\/atisistemas.com\/web\/#organization","name":"ATI Sistemas","alternateName":"ATI","url":"https:\/\/atisistemas.com\/web\/","logo":{"@type":"ImageObject","inLanguage":"es","@id":"https:\/\/atisistemas.com\/web\/#\/schema\/logo\/image\/","url":"https:\/\/atisistemas.com\/web\/wp-content\/uploads\/2023\/01\/logo-transparente.png","contentUrl":"https:\/\/atisistemas.com\/web\/wp-content\/uploads\/2023\/01\/logo-transparente.png","width":180,"height":75,"caption":"ATI Sistemas"},"image":{"@id":"https:\/\/atisistemas.com\/web\/#\/schema\/logo\/image\/"}}]}},"_links":{"self":[{"href":"https:\/\/atisistemas.com\/web\/wp-json\/wp\/v2\/pages\/58","targetHints":{"allow":["GET"]}}],"collection":[{"href":"https:\/\/atisistemas.com\/web\/wp-json\/wp\/v2\/pages"}],"about":[{"href":"https:\/\/atisistemas.com\/web\/wp-json\/wp\/v2\/types\/page"}],"author":[{"embeddable":true,"href":"https:\/\/atisistemas.com\/web\/wp-json\/wp\/v2\/users\/1"}],"replies":[{"embeddable":true,"href":"https:\/\/atisistemas.com\/web\/wp-json\/wp\/v2\/comments?post=58"}],"version-history":[{"count":57,"href":"https:\/\/atisistemas.com\/web\/wp-json\/wp\/v2\/pages\/58\/revisions"}],"predecessor-version":[{"id":4133,"href":"https:\/\/atisistemas.com\/web\/wp-json\/wp\/v2\/pages\/58\/revisions\/4133"}],"up":[{"embeddable":true,"href":"https:\/\/atisistemas.com\/web\/wp-json\/wp\/v2\/pages\/11"}],"wp:attachment":[{"href":"https:\/\/atisistemas.com\/web\/wp-json\/wp\/v2\/media?parent=58"}],"curies":[{"name":"wp","href":"https:\/\/api.w.org\/{rel}","templated":true}]}}